) = 6*c(p) + 13*z(p). Is q(2) prime?
False
Suppose -5*x + 123 = 628. Let z be x - (1 - 2)*1. Let t = -21 - z. Is t a composite number?
False
Let r be -3*1 + (-11)/(-11). Let k(o) = 93*o**2 + 1. Is k(r) composite?
False
Let t(m) = -3*m**2 - 9*m + 4 + 5*m**2 + 11*m + 8. Let a(v) = 3*v**2 + 2*v + 12. Let i(c) = 3*a(c) - 2*t(c). Is i(-5) composite?
False
Let q(s) = 19*s + 19. Let g(u) = -19*u - 20. Let b(r) = 7*g(r) + 6*q(r). Is b(-9) prime?
False
Let g = 2 + -10. Let c(n) = n + 9. Let j be c(g). Is (-13 - 8)*(0 - j) prime?
False
Suppose -m - 5*r = -3*m + 29, 22 = m - 4*r. Suppose b + w = 5*w + 11, -2*b = w - 4. Suppose -h + 2493 = 2*n + b*n, n - m*h = 503. Is n a prime number?
True
Let k(r) = -25*r + 3. Let x(q) = q - 5. Let y be x(9). Suppose 0 = -y*w + b - 5 - 25, 0 = b - 2. Is k(w) a composite number?
True
Let n(b) be the second derivative of 17*b**3/6 + 3*b**2 - 20*b. Let s = 20 - 12. Is n(s) composite?
True
Suppose 2*n - 277 = 773. Let l = 968 - n. Is l a composite number?
False
Let y be ((-24)/(-30))/(4/3010). Let f = -1106 - -757. Let b = f + y. Is b composite?
True
Suppose -33*o - 1626 = -39*o. Is o prime?
True
Suppose -4*a = 3*v - 8807, 2*v - 18*a - 5853 = -17*a. Is v prime?
False
Suppose -18*c + 17*c + 133 = 0. Is c composite?
True
Let r = -2886 + 6047. Is r a prime number?
False
Is -35 - -30 - 34446/(-3) prime?
False
Let l(r) = 261*r**2 - 3*r + 17. Let q(d) = 130*d**2 - d + 8. Let f(y) = -4*l(y) + 9*q(y). Is f(3) a prime number?
False
Let w be 92754/(-78) - (-6)/39. Let s = w + 3242. Is s composite?
False
Is (29/(-4))/((-62)/47368) prime?
False
Let y(f) = -584*f - 179. Is y(-11) prime?
False
Let i be 36/(-90)*(-10)/4. Let b(w) = 649*w**3 - 2*w**2 - w + 1. Is b(i) composite?
False
Let i be (-4 - (-14)/2) + -2. Let a be (-1)/i*30/(-1). Is (a/(-4))/((-4)/8) a composite number?
True
Is 2859270/84 + 2*3/84 a prime number?
True
Let o = -1 - -1. Suppose o = s - 1365 + 254. Suppose -s = -3*r + 110. Is r composite?
True
Suppose 0 = -5*s, -4*l - 2*s + 0 = -20. Suppose -l*g + g + 4*c + 16 = 0, -3*g + 4*c + 14 = 0. Suppose 307 - 81 = g*z. Is z a prime number?
True
Let j be 52*1*3/6. Let v be j/10 + 10/25. Is (-208)/(-3) - 1/v composite?
True
Let k be (-2 + -2)/4 + -2. Let d(f) = -3*f + 0*f - 3*f + f - 5 + 3*f**2. Is d(k) prime?
True
Let w(z) = -174*z**3 + 15*z**2 + 13*z + 33. Is w(-8) prime?
True
Suppose -f - 315 = -6*f + 5*o, 2*f - 102 = -4*o. Suppose 0 = -k + 107 + f. Is k a composite number?
True
Let g(o) = 409*o**2 - 4*o + 19. Is g(4) prime?
True
Suppose -204 - 99 = -o. Suppose v - o = 736. Is v prime?
True
Suppose -5*v - 6*v = -341. Is v prime?
True
Let h = 1121 - 759. Suppose -h = -3*z + z + 3*y, z - 4*y - 171 = 0. Is z a composite number?
True
Let d(u) = -73*u**3 + 3*u**2 + u - 1. Let o = 27 + -26. Let f(m) = -5*m + 3. Let j be f(o). Is d(j) composite?
False
Let i(u) = 805*u**3 - 21*u**2 + 8*u - 1. Is i(4) a composite number?
True
Let d(x) = -x**2 - 2*x + 71. Let k be d(0). Suppose -2*q + 3*c + 109 = 0, 0 = 5*q - c - 337 + k. Is q composite?
False
Let o = 11 + -7. Suppose -o*g + 4 = 0, 2*c - 3*c + 5*g + 909 = 0. Is c a composite number?
True
Let m be (-390)/(-54) + 4/(-18). Suppose t + 8 = -2*k + m*k, -8 = k - 5*t. Suppose -y = r - 398, -3*r - 2*r = k*y - 805. Is y prime?
False
Suppose 35382 = 378*b - 372*b. Is b a prime number?
True
Let b = -1398 + 1637. Is b a composite number?
False
Suppose 38 = p + 34. Is (-1)/2*p + 384 prime?
False
Let s(u) = u**2 - 2*u - 3. Let l be s(4). Suppose -14 + 16 = -q, 0 = v + 2*q - 2. Is 2271/v - l/(-10) composite?
False
Let m(s) = -4*s**3 - 6*s**2 + s + 5. Suppose 5*z - 5 = -25. Is m(z) a prime number?
False
Suppose 15*l = 9*l + 6. Is (3385 + l)/(4/2) a prime number?
True
Let t(f) = -18*f - 95. Is t(-12) a prime number?
False
Let n(m) = -6*m**2 + 67*m**2 - 3*m + 5*m - 2. Let w be n(4). Suppose -2*x = -5*c - 411, -4*x - 3*c - 121 = -w. Is x a prime number?
False
Let v(w) = w**3 + 6*w**2 - 25*w + 18. Let y be v(-9). Suppose y = -4*b + 730 + 1058. Is b a composite number?
True
Suppose 0 = 5*x + 5*l - 7297 - 17828, 2*l = -4. Is x a composite number?
True
Let k(m) = -413*m**2 - 6*m - 4. Let h(q) = 138*q**2 + 2*q + 1. Let t(x) = 7*h(x) + 2*k(x). Is t(2) composite?
False
Suppose -2*q + 4*q = -2, 23 = 5*v - 3*q. Let u be v/3*(-966)/4. Let g = u - -995. Is g composite?
False
Let n = 9 + -6. Suppose -n*l = 2*l. Suppose l = -2*g - 3*g + 5*i + 400, -4*i + 12 = 0. Is g prime?
True
Let x(g) = -g - 3. Let p be x(-4). Let f(u) = p - 3 - 17*u - 18*u. Is f(-3) a prime number?
True
Let q(t) = -t**3 + 17*t**2 + 69*t + 14. Is q(11) prime?
True
Let f(r) = 9*r - 9. Let k be f(-3). Let m = k + 27. Is m/(-6)*(-106)/(-3) a composite number?
False
Suppose 0 = -2*w - u + 4063, 4*w - 6091 = w + 2*u. Suppose w = 5*r - 2*r. Is r prime?
True
Let z = 2 - 6. Let b = -2 - z. Suppose g - 111 = -b*g. Is g a composite number?
False
Suppose -10*s - 14 = -9*s. Let c be (-5)/(-25) - s/5. Is 130 + c + 1 + -1 a composite number?
True
Let o = -16210 - -25267. Is 2/(-18)*-6 - o/(-9) a prime number?
False
Let o = 11658 - 2021. Is o composite?
True
Let z = -52 + 52. Suppose x = -z*x + 301. Is x a composite number?
True
Suppose 3*h + 12 = -y, -h = 3*y + 2 + 10. Let m(g) = 57*g - 1. Let d be m(h). Let l = d + 465. Is l composite?
False
Suppose -6*i + m = -9*i + 126848, 4*i + 4*m - 169144 = 0. Is i prime?
True
Let f(w) = -w**3 + 10*w**2 + 10*w + 16. Let u be -1 + 0 + 10 + 2. Let s be f(u). Suppose s*l - l + 286 = 2*o, 3*o + 4*l = 439. Is o a prime number?
False
Let p(a) = 19*a**3 + a**2 - 4*a + 1. Let c be p(4). Suppose -4*f = -5*b + 6085, 5*b - c = 4*b + 5*f. Is b prime?
True
Let u(d) = -d**2 + 11*d - 14. Let c be u(6). Let r = c - -53. Is r composite?
True
Suppose 7*d - 3650 = 2*d + 5*u, -736 = -d - 5*u. Is d composite?
True
Suppose 4*c - 127 - 381 = -p, 2*c = 5*p + 232. Let z = c + -55. Is -10*z*3/(-6) prime?
False
Suppose 169*v - 1616862 = 55*v. Is v a prime number?
False
Suppose -3*w + 20979 = -2*n, -3*n + 24861 = 5*w - 10123. Is w a prime number?
False
Let v(t) = 3*t**2 - 21*t + 5. Let m be v(7). Let a = 144 + m. Is a a composite number?
False
Let f be 21 + 0*2/(-6). Suppose 3*n - f = 10*n. Is (3/n)/(2/(-334)) a composite number?
False
Is 4*2151 - (-19 + (26 - 14)) a prime number?
False
Suppose 3*d + 175 = -3*l + l, -l - 5*d = 105. Is (2410/8)/((-20)/l) a composite number?
True
Suppose 0 = 4*d - 10 - 2. Let q be 3 + d + -3 + -1. Is 2/(0 - q/(-223)) prime?
True
Let p(l) = 189*l - 6. Let o be p(-5). Let t = o + 1738. Is t composite?
False
Let p(f) = 442*f**2 - 15*f + 192. Is p(9) composite?
True
Let v(c) = -c**3 - 25*c**2 + 2*c + 49. Let r be v(-25). Let j be 25344/14 + 2/(-7). Is r/(-3) + j/15 a composite number?
True
Let q(a) = a**2 + 3*a. Let l be q(-4). Suppose -m + 187 = k, -3*m + 4*k = -l*m + 193. Is m prime?
False
Let f(o) = 7*o**2 + 5*o - 20. Let w be f(-11). Let v = w - -771. Is v a prime number?
True
Is 169615/(-20)*(1 + 1 - 6) composite?
False
Let i(s) = -123*s + 2. Let o be i(-1). Let x = o - -206. Is x composite?
False
Let g = -3337 + 15740. Is g a composite number?
True
Let i(m) = 481*m - 86. Is i(7) composite?
True
Let q(c) be the second derivative of -c**2 + 2/3*c**3 - 6*c + 5/12*c**4 + 0. Is q(5) a prime number?
False
Let r be 1*(8/(-4) + 2). Suppose r = q - 2. Suppose -q*w + 281 = -5*b, 3*b - 5*b + 288 = 2*w. Is w a prime number?
False
Suppose 2*j = -10, -h - 2*h - 16 = 5*j. Let y(x) = 205*x**2 + 4*x - 3. Let k be y(h). Is 4/(-10) + k/10 a composite number?
True
Let r(d) = -d**3 - 7*d**2 - 7*d - 8. Let t be r(-6). Let o be 2/(-4)*t - -3. Suppose 4*j + 179 = 5*c, 9*c - 172 = o*c - 3*j. Is c composite?
True
Let w(c) = 3*c**2 - 25*c - 31. Let g(q) = 2*q**2 - 12*q - 15. Let x(u) = 5*g(u) - 2*w(u). Suppose -15 - 30 = -5*y. Is x(y) prime?
False
Suppose -20 = -2*r - 4*o, -2*r - 3*o = -0*o - 15. Suppose -4*c + 5*c - 4*a - 475 = 0, 4*a - 4 = r. Is c prime?
True
Suppose 0 = -8*w + 7*w + b + 257, 1026 = 4*w - 5*b. Is w a composite number?
True
Suppose 34*w - 13117 = 21*w. Is w prime?
True
Let t be (4 - (-13)/(-4))/(2/4696). Is (t/12)/((-4)/(-16) - 0) a prime number?
True
Let n be (-151)/(-2 + (0 - -1)). Let i = 22 - -44. Let q = n - i. Is q composite?
True
Let d be (-6)/(-51) - (-96)/51. Suppose -d*h + 4*q + 1262 = 0, 2*h + 2*q + 3*q = 1280